{"id":987,"date":"2018-04-30T13:24:50","date_gmt":"2018-04-30T12:24:50","guid":{"rendered":"http:\/\/sunsmiles.si\/shop\/?post_type=product&#038;p=987"},"modified":"2025-05-05T09:26:48","modified_gmt":"2025-05-05T08:26:48","slug":"trak-moon-sun","status":"publish","type":"product","link":"http:\/\/sunsmiles.si\/shop\/product\/trak-moon-sun\/","title":{"rendered":"Trak &#8221;MOON &amp; SUN&#8221;"},"content":{"rendered":"<p>Trakovi <strong>&#8221; Moon &amp; Sun &#8220;<\/strong> so zdru\u017eljivi s podplati na 3 in 5 zank. Idealni so za oblikovanje elegantnega videza \u00bbgladiatork\u00ab.<br \/>\nNarejeni so iz visokokakovostne Lycre in omogo\u010dajo enostavno menjavo ter \u0161tevilne na\u010dine vezanja.<\/p>\n<p><em>Sestava:<\/em><br \/>\n<em>Zgornji del: tekstil in drugi materiali<\/em><br \/>\n<em>Podplat: drugi materiali<\/em><\/p>\n","protected":false},"excerpt":{"rendered":"<p>Trak <strong>&#8220;Moon &amp; Sun&#8221;<\/strong> je dalj\u0161i trak z ro\u010dno izdelanim lesenim okraskom v temni ali svetli barvi.<\/p>\n","protected":false},"featured_media":1012,"template":"","meta":[],"_links":{"self":[{"href":"http:\/\/sunsmiles.si\/shop\/wp-json\/wp\/v2\/product\/987"}],"collection":[{"href":"http:\/\/sunsmiles.si\/shop\/wp-json\/wp\/v2\/product"}],"about":[{"href":"http:\/\/sunsmiles.si\/shop\/wp-json\/wp\/v2\/types\/product"}],"wp:featuredmedia":[{"embeddable":true,"href":"http:\/\/sunsmiles.si\/shop\/wp-json\/wp\/v2\/media\/1012"}],"wp:attachment":[{"href":"http:\/\/sunsmiles.si\/shop\/wp-json\/wp\/v2\/media?parent=987"}],"curies":[{"name":"wp","href":"https:\/\/api.w.org\/{rel}","templated":true}]}}