{"id":874,"date":"2018-04-26T19:23:50","date_gmt":"2018-04-26T18:23:50","guid":{"rendered":"http:\/\/sunsmiles.si\/shop\/?post_type=product&#038;p=874"},"modified":"2022-07-06T07:42:12","modified_gmt":"2022-07-06T06:42:12","slug":"trak-coco","status":"publish","type":"product","link":"http:\/\/sunsmiles.si\/shop\/product\/trak-coco\/","title":{"rendered":"Trak &#8221;COCO&#8221;"},"content":{"rendered":"<p>Trakovi <strong>&#8220;Coco&#8221;<\/strong> so zdru\u017eljivi s podplati na 3 zanke. Izbirate lahko med \u0161tevilnimi barvami traku. Na traku je pritrjen obro\u010dek iz kokosa, ki bo va\u0161im sandalom\u00a0dodal pridih pla\u017ee in morja.<br \/>\nNarejeni so iz visokokakovostne Lycre in omogo\u010dajo enostavno menjavo ter \u0161tevilne na\u010dine vezanja.<\/p>\n<p><em>Sestava:<\/em><br \/>\n<em>Zgornji del: tekstil in drugi materiali<\/em><br \/>\n<em>Podplat: drugi materiali<\/em><\/p>\n","protected":false},"excerpt":{"rendered":"<p>Trak <strong>&#8220;Coco&#8221;<\/strong> je kraj\u0161i trak, ki se zave\u017ee okoli gle\u017enja, z ro\u010dno izdelanim obro\u010dkom iz kokosa.<\/p>\n","protected":false},"featured_media":246,"template":"","meta":[],"_links":{"self":[{"href":"http:\/\/sunsmiles.si\/shop\/wp-json\/wp\/v2\/product\/874"}],"collection":[{"href":"http:\/\/sunsmiles.si\/shop\/wp-json\/wp\/v2\/product"}],"about":[{"href":"http:\/\/sunsmiles.si\/shop\/wp-json\/wp\/v2\/types\/product"}],"wp:featuredmedia":[{"embeddable":true,"href":"http:\/\/sunsmiles.si\/shop\/wp-json\/wp\/v2\/media\/246"}],"wp:attachment":[{"href":"http:\/\/sunsmiles.si\/shop\/wp-json\/wp\/v2\/media?parent=874"}],"curies":[{"name":"wp","href":"https:\/\/api.w.org\/{rel}","templated":true}]}}