{"id":1187,"date":"2018-05-11T17:06:33","date_gmt":"2018-05-11T16:06:33","guid":{"rendered":"http:\/\/sunsmiles.si\/shop\/?post_type=product&#038;p=1187"},"modified":"2025-08-23T21:43:54","modified_gmt":"2025-08-23T20:43:54","slug":"trak-crystal-diamond","status":"publish","type":"product","link":"http:\/\/sunsmiles.si\/shop\/product\/trak-crystal-diamond\/","title":{"rendered":"Trak &#8221;CRYSTAL DIAMOND&#8221;"},"content":{"rendered":"<p>Trakovi <strong>&#8220;Crystal Diamond&#8221;<\/strong> so zdru\u017eljivi s podplati na 3 in 5 zank. Idealni so za oblikovanje elegantnega videza \u00bbgladiatork\u00ab. Z njimi boste ustvarili popolnoma unikaten videz.<br \/>\nNarejeni so iz visokokakovostne Lycre in omogo\u010dajo enostavno menjavo ter \u0161tevilne na\u010dine vezanja. Vsak okrasek je unikaten, zato se lahko njihove barve razlikujejo med seboj.<br \/>\nTrakovi imajo obro\u010dke in dodatke v zlati barvi.<\/p>\n<p><em>Sestava:<\/em><br \/>\n<em>Zgornji del: tekstil in drugi materiali<\/em><br \/>\n<em>Podplat: drugi materiali<\/em><\/p>\n","protected":false},"excerpt":{"rendered":"<p>Trak <strong>&#8220;Crystal Diamond&#8221;<\/strong> je dalj\u0161i trak z ro\u010dno izdelanim, unikatnim okraskom iz stekla narejenega v Mehiki.<\/p>\n","protected":false},"featured_media":41,"template":"","meta":[],"_links":{"self":[{"href":"http:\/\/sunsmiles.si\/shop\/wp-json\/wp\/v2\/product\/1187"}],"collection":[{"href":"http:\/\/sunsmiles.si\/shop\/wp-json\/wp\/v2\/product"}],"about":[{"href":"http:\/\/sunsmiles.si\/shop\/wp-json\/wp\/v2\/types\/product"}],"wp:featuredmedia":[{"embeddable":true,"href":"http:\/\/sunsmiles.si\/shop\/wp-json\/wp\/v2\/media\/41"}],"wp:attachment":[{"href":"http:\/\/sunsmiles.si\/shop\/wp-json\/wp\/v2\/media?parent=1187"}],"curies":[{"name":"wp","href":"https:\/\/api.w.org\/{rel}","templated":true}]}}