{"id":1154,"date":"2018-05-11T16:44:42","date_gmt":"2018-05-11T15:44:42","guid":{"rendered":"http:\/\/sunsmiles.si\/shop\/?post_type=product&#038;p=1154"},"modified":"2021-06-29T09:38:25","modified_gmt":"2021-06-29T08:38:25","slug":"trak-coco-print","status":"publish","type":"product","link":"http:\/\/sunsmiles.si\/shop\/product\/trak-coco-print\/","title":{"rendered":"Trak &#8221;COCO PRINT&#8221;"},"content":{"rendered":"<p>Trakovi <strong>&#8220;Coco Print&#8221;<\/strong> so zdru\u017eljivi s podplati na 3 zanke. Izbirate lahko med \u0161tevilnimi potiski na traku.\u00a0Va\u0161im sandalom bo dodal pridih pla\u017ee in morja.<br \/>\nNarejeni so iz visokokakovostne Lycre in omogo\u010dajo enostavno menjavo ter \u0161tevilne na\u010dine vezanja.<\/p>\n<p><em>Sestava:<\/em><br \/>\n<em>Zgornji del: tekstil in drugi materiali<\/em><br \/>\n<em>Podplat: drugi materiali<\/em><\/p>\n","protected":false},"excerpt":{"rendered":"<p>Trak <strong>&#8220;Coco Print&#8221;<\/strong> je kraj\u0161i trak, ki se zave\u017ee okoli gle\u017enja, z ro\u010dno izdelanim obro\u010dkom iz kokosa.<\/p>\n","protected":false},"featured_media":1167,"template":"","meta":[],"_links":{"self":[{"href":"http:\/\/sunsmiles.si\/shop\/wp-json\/wp\/v2\/product\/1154"}],"collection":[{"href":"http:\/\/sunsmiles.si\/shop\/wp-json\/wp\/v2\/product"}],"about":[{"href":"http:\/\/sunsmiles.si\/shop\/wp-json\/wp\/v2\/types\/product"}],"wp:featuredmedia":[{"embeddable":true,"href":"http:\/\/sunsmiles.si\/shop\/wp-json\/wp\/v2\/media\/1167"}],"wp:attachment":[{"href":"http:\/\/sunsmiles.si\/shop\/wp-json\/wp\/v2\/media?parent=1154"}],"curies":[{"name":"wp","href":"https:\/\/api.w.org\/{rel}","templated":true}]}}