{"id":552,"date":"2018-03-17T19:30:11","date_gmt":"2018-03-17T18:30:11","guid":{"rendered":"http:\/\/sunsmiles.si\/shop\/?page_id=552"},"modified":"2020-07-05T09:14:22","modified_gmt":"2020-07-05T08:14:22","slug":"darilni-bon","status":"publish","type":"page","link":"http:\/\/sunsmiles.si\/shop\/darilni-bon\/","title":{"rendered":"Darilni bon"},"content":{"rendered":"<p>Svoje najbli\u017eje lahko sedaj presenetite s kan\u010dkom kreative in jim za darilo podarite<strong> darilni bon<\/strong> neskon\u010dnih idej Sunsmiles.<\/p>\n<p>Za ve\u010d informacij o darilnih bonih nam pi\u0161ite na e-mail naslov:\u00a0 nakup@sunsmiles.si<\/p>\n<p><img decoding=\"async\" loading=\"lazy\" class=\"alignnone size-medium wp-image-2046\" src=\"http:\/\/sunsmiles.si\/shop\/wp-content\/uploads\/2020\/07\/darilni_bon-300x79.png\" alt=\"\" width=\"300\" height=\"79\" srcset=\"http:\/\/sunsmiles.si\/shop\/wp-content\/uploads\/2020\/07\/darilni_bon-300x79.png 300w, http:\/\/sunsmiles.si\/shop\/wp-content\/uploads\/2020\/07\/darilni_bon-150x40.png 150w, http:\/\/sunsmiles.si\/shop\/wp-content\/uploads\/2020\/07\/darilni_bon.png 340w\" sizes=\"(max-width: 300px) 100vw, 300px\" \/><\/p>\n","protected":false},"excerpt":{"rendered":"<p>Svoje najbli\u017eje lahko sedaj presenetite s kan\u010dkom kreative in jim za darilo podarite darilni bon neskon\u010dnih idej Sunsmiles. Za ve\u010d informacij o darilnih bonih nam pi\u0161ite na e-mail naslov:\u00a0 nakup@sunsmiles.si<\/p>\n","protected":false},"author":1,"featured_media":0,"parent":0,"menu_order":0,"comment_status":"closed","ping_status":"closed","template":"","meta":[],"_links":{"self":[{"href":"http:\/\/sunsmiles.si\/shop\/wp-json\/wp\/v2\/pages\/552"}],"collection":[{"href":"http:\/\/sunsmiles.si\/shop\/wp-json\/wp\/v2\/pages"}],"about":[{"href":"http:\/\/sunsmiles.si\/shop\/wp-json\/wp\/v2\/types\/page"}],"author":[{"embeddable":true,"href":"http:\/\/sunsmiles.si\/shop\/wp-json\/wp\/v2\/users\/1"}],"replies":[{"embeddable":true,"href":"http:\/\/sunsmiles.si\/shop\/wp-json\/wp\/v2\/comments?post=552"}],"version-history":[{"count":3,"href":"http:\/\/sunsmiles.si\/shop\/wp-json\/wp\/v2\/pages\/552\/revisions"}],"predecessor-version":[{"id":2048,"href":"http:\/\/sunsmiles.si\/shop\/wp-json\/wp\/v2\/pages\/552\/revisions\/2048"}],"wp:attachment":[{"href":"http:\/\/sunsmiles.si\/shop\/wp-json\/wp\/v2\/media?parent=552"}],"curies":[{"name":"wp","href":"https:\/\/api.w.org\/{rel}","templated":true}]}}