{"id":545,"date":"2018-03-17T19:18:44","date_gmt":"2018-03-17T18:18:44","guid":{"rendered":"http:\/\/sunsmiles.si\/shop\/?page_id=545"},"modified":"2020-07-05T09:08:15","modified_gmt":"2020-07-05T08:08:15","slug":"distribucija","status":"publish","type":"page","link":"http:\/\/sunsmiles.si\/shop\/distribucija\/","title":{"rendered":"Distribucija"},"content":{"rendered":"<p>(SLO)<br \/>\nSmo ekskluzivni distributer za Sunsmiles produkte na podro\u010dju Slovenije in Hrva\u0161ke. V kolikor vas zanima sodelovanje oziroma imate zanimive lokacije na omenjenih obmo\u010djih nas kontaktirajte.<img decoding=\"async\" loading=\"lazy\" class=\"size-medium wp-image-2043 alignright\" src=\"http:\/\/sunsmiles.si\/shop\/wp-content\/uploads\/2020\/07\/Croatia_Slovenia-298x300.png\" alt=\"\" width=\"298\" height=\"300\" srcset=\"http:\/\/sunsmiles.si\/shop\/wp-content\/uploads\/2020\/07\/Croatia_Slovenia-298x300.png 298w, http:\/\/sunsmiles.si\/shop\/wp-content\/uploads\/2020\/07\/Croatia_Slovenia-150x150.png 150w, http:\/\/sunsmiles.si\/shop\/wp-content\/uploads\/2020\/07\/Croatia_Slovenia-100x100.png 100w, http:\/\/sunsmiles.si\/shop\/wp-content\/uploads\/2020\/07\/Croatia_Slovenia-600x605.png 600w, http:\/\/sunsmiles.si\/shop\/wp-content\/uploads\/2020\/07\/Croatia_Slovenia.png 762w\" sizes=\"(max-width: 298px) 100vw, 298px\" \/><\/p>\n<p>(CRO)<br \/>\nZa Sunsmiles proizvode, ekskluzivni smo distributeri za podru\u010dje Slovenije te Hrvatske. Ako vas zanima suradnja i vlasnik\/ca ste zanimljive lokacije, slobodno nas kontaktirajte za vi\u0161e informacija<\/p>\n<p>ekipa <strong>SunSmiles<\/strong><\/p>\n","protected":false},"excerpt":{"rendered":"<p>(SLO) Smo ekskluzivni distributer za Sunsmiles produkte na podro\u010dju Slovenije in Hrva\u0161ke. V kolikor vas zanima sodelovanje oziroma imate zanimive lokacije na omenjenih obmo\u010djih nas kontaktirajte. (CRO) Za Sunsmiles proizvode, ekskluzivni smo distributeri za podru\u010dje Slovenije te Hrvatske. Ako vas&hellip; <\/p>\n","protected":false},"author":1,"featured_media":0,"parent":0,"menu_order":0,"comment_status":"closed","ping_status":"closed","template":"","meta":[],"_links":{"self":[{"href":"http:\/\/sunsmiles.si\/shop\/wp-json\/wp\/v2\/pages\/545"}],"collection":[{"href":"http:\/\/sunsmiles.si\/shop\/wp-json\/wp\/v2\/pages"}],"about":[{"href":"http:\/\/sunsmiles.si\/shop\/wp-json\/wp\/v2\/types\/page"}],"author":[{"embeddable":true,"href":"http:\/\/sunsmiles.si\/shop\/wp-json\/wp\/v2\/users\/1"}],"replies":[{"embeddable":true,"href":"http:\/\/sunsmiles.si\/shop\/wp-json\/wp\/v2\/comments?post=545"}],"version-history":[{"count":3,"href":"http:\/\/sunsmiles.si\/shop\/wp-json\/wp\/v2\/pages\/545\/revisions"}],"predecessor-version":[{"id":2045,"href":"http:\/\/sunsmiles.si\/shop\/wp-json\/wp\/v2\/pages\/545\/revisions\/2045"}],"wp:attachment":[{"href":"http:\/\/sunsmiles.si\/shop\/wp-json\/wp\/v2\/media?parent=545"}],"curies":[{"name":"wp","href":"https:\/\/api.w.org\/{rel}","templated":true}]}}