{"id":474,"date":"2018-02-10T18:29:30","date_gmt":"2018-02-10T17:29:30","guid":{"rendered":"http:\/\/sunsmiles.si\/shop\/?page_id=474"},"modified":"2018-02-10T21:12:04","modified_gmt":"2018-02-10T20:12:04","slug":"vzdrzevanje-in-ciscenje","status":"publish","type":"page","link":"http:\/\/sunsmiles.si\/shop\/navodila\/vzdrzevanje-in-ciscenje\/","title":{"rendered":"Vzdr\u017eevanje in \u010di\u0161\u010denje"},"content":{"rendered":"<header class=\"entry-header\">\n<h1 class=\"entry-title\">Navodila za \u010di\u0161\u010denje<\/h1>\n<\/header>\n<div class=\"entry-content\">\n<p><img decoding=\"async\" loading=\"lazy\" class=\"alignleft lazyloading\" src=\"https:\/\/www.sunsmilessandals.com\/wp-content\/uploads\/2013\/08\/images.jpeg\" alt=\"images\" width=\"30\" height=\"30\" data-was-processed=\"true\" \/>Trakovi se lahko pereje v pralnem stroju na ni\u017eji temperaturi. Pred pranjem s trakov odstranite zaponke, zanke in druge predmete&#8230;<\/p>\n<div><\/div>\n<p><img decoding=\"async\" loading=\"lazy\" class=\"alignleft lazyloading\" src=\"https:\/\/www.sunsmilessandals.com\/wp-content\/uploads\/2013\/08\/handwas-150x150.jpg\" alt=\"handwas\" width=\"30\" height=\"30\" data-was-processed=\"true\" \/>To keep the soles clean use a damp cloth &amp; wipe clean with a light cleaning spray. If they do get wet the foam sole soaks up the wetness but they dry quickly.<\/p>\n<\/div>\n","protected":false},"excerpt":{"rendered":"<p>Navodila za \u010di\u0161\u010denje Trakovi se lahko pereje v pralnem stroju na ni\u017eji temperaturi. Pred pranjem s trakov odstranite zaponke, zanke in druge predmete&#8230; To keep the soles clean use a damp cloth &amp; wipe clean with a light cleaning spray.&hellip; <\/p>\n","protected":false},"author":1,"featured_media":0,"parent":464,"menu_order":0,"comment_status":"closed","ping_status":"closed","template":"","meta":[],"_links":{"self":[{"href":"http:\/\/sunsmiles.si\/shop\/wp-json\/wp\/v2\/pages\/474"}],"collection":[{"href":"http:\/\/sunsmiles.si\/shop\/wp-json\/wp\/v2\/pages"}],"about":[{"href":"http:\/\/sunsmiles.si\/shop\/wp-json\/wp\/v2\/types\/page"}],"author":[{"embeddable":true,"href":"http:\/\/sunsmiles.si\/shop\/wp-json\/wp\/v2\/users\/1"}],"replies":[{"embeddable":true,"href":"http:\/\/sunsmiles.si\/shop\/wp-json\/wp\/v2\/comments?post=474"}],"version-history":[{"count":3,"href":"http:\/\/sunsmiles.si\/shop\/wp-json\/wp\/v2\/pages\/474\/revisions"}],"predecessor-version":[{"id":480,"href":"http:\/\/sunsmiles.si\/shop\/wp-json\/wp\/v2\/pages\/474\/revisions\/480"}],"up":[{"embeddable":true,"href":"http:\/\/sunsmiles.si\/shop\/wp-json\/wp\/v2\/pages\/464"}],"wp:attachment":[{"href":"http:\/\/sunsmiles.si\/shop\/wp-json\/wp\/v2\/media?parent=474"}],"curies":[{"name":"wp","href":"https:\/\/api.w.org\/{rel}","templated":true}]}}